 l(m).
-4
Let c(v) = 4*v**3 + 6*v - 178 - 4*v**2 + 179 - 4*v - 3*v**3. Let p(x) = 3*x**2 + 6*x - 7. Let b be 1/(((-12)/108)/(1/3)). Let z be p(b). What is c(z)?
-3
Let m(u) = -u**2 - 2*u + 10. Let o be (-1 - 3/(-3))/2. Let b be m(o). Let z(c) = c + 21. Let f(g) = -g - 10. Let k(n) = -5*f(n) - 3*z(n). Calculate k(b).
7
Let n(v) be the first derivative of 1/3*v**3 - 1 + 1/2*v**2 - 4*v. Suppose 1271*m + 648*m = -3234*m - 20612. Determine n(m).
8
Suppose 909 = 7*z - 603. Suppose -4*w - z = 2*w. Let s be 4 + -1 + w/18. Let o(c) = -3*c**2 + c - 1. Calculate o(s).
-3
Let b = 376 - 327. Suppose b*m = 19 + 79. Let i(c) = 5*c**2 - 3*c + 2. Calculate i(m).
16
Let o(u) = 6*u + 159. Let f(d) = -3*d - 90. Let b(r) = -5*f(r) - 3*o(r). What is b(2)?
-33
Let w = -92 + 88. Let f be 14/(-77) + w/(-22). Suppose 0 = 5*x - f - 25. Let s(k) = k**3 - 4*k**2 - 3*k - 2. Determine s(x).
8
Let m(a) = a**2 - 20*a + 101. Suppose 4*b - 3*y - 122 = -75, 0 = 5*b - 5*y - 60. Determine m(b).
2
Let n(r) = 99 - 194 - 3*r**2 - 8*r + 2*r**2 + 92. Let u be 1*2 - 294/42. Give n(u).
12
Let u(y) be the second derivative of -y**3/6 + 2*y. Let p = 88 + -85. Suppose 0 = 3*q + 3*o - p, -3*q - o = q - 19. Give u(q).
-6
Let j(s) = 2*s**2 + 2*s - 1. Let u be j(1). Let q(w) = -3*w**2 - w - 49*w**2 - w**3 + w + 54*w**2 + 2. Determine q(u).
-7
Let u(g) = -g**3 + 12*g**2 + 45*g - 12. Let x(z) = -155*z + 790. Let a be x(5). What is u(a)?
-12
Let q(f) = -f**3 + 3*f**2 - 1. Let h be (-3*3/12)/(2/(-24)). Let b be 14 - h - (1 - -2). Give q(b).
3
Let r(i) = -2*i + 1. Let b be r(-1). Let s = -8 - -19. Let u(h) = 5*h**2 - h - 5. Let w(c) = -14*c**2 + 3*c + 14. Let y(l) = s*u(l) + 4*w(l). Give y(b).
-5
Suppose 2 = 3*y - 4. Suppose -3*q = y*q + 3*i - 2, -4*i - 2 = 2*q. Let p be -4 - q/(3/12). Let o(h) = h**2 + 6*h - 10. Determine o(p).
6
Let u = -287 - -288. Let t be -3 + u/(0 - 1/(-2)). Let i(r) = 2*r**2 + 0*r**2 + 14*r**2 + r. Determine i(t).
15
Let m(z) = -z**2 + 18*z + 26. Let b be m(17). Let d = b + -16. Let w = d + -25. Let g(u) = u**2 - u. Determine g(w).
2
Let w(i) be the second derivative of -i**6/120 - i**5/12 + i**4/12 + i**3 + 159*i**2 + 209*i. Let n(u) be the first derivative of w(u). Calculate n(-5).
-4
Let r be (1/(-2))/((-1)/16*4). Let a(v) = 4*v**r - 5*v + 8*v - 3*v**2 - 16 - 4*v. Let l(m) = -m**2 + 5*m + 6. Let h be l(6). What is a(h)?
-16
Let a(s) = 378*s - 2016. Let p(g) = 13*g - 70. Let n(k) = 5*a(k) - 144*p(k). Calculate n(-1).
-18
Let i(j) = -39*j - 54. Let m(c) = 8*c + 11. Let z(f) = 5*i(f) + 24*m(f). Let w = -923355 - -923349. Determine z(w).
12
Suppose 2797 = 16*k - 12659. Let u = k + -973. Let a(d) = -5*d**2 + 9*d + 15. Let n(g) = 11*g**2 - 18*g - 31. Let b(h) = 13*a(h) + 6*n(h). Give b(u).
-5
Let v(f) = -f**3 - 5*f**2 - 3*f + 1. Let c be -3*(2163/1854 - -1*2/12). Determine v(c).
-3
Let t(f) = -4*f + f - 6 + f**2 + 0*f**2. Suppose -1967 = -4*w + 4297. Suppose 1568*l - 10 = w*l. Determine t(l).
4
Let b be (((-253)/22)/(-23))/(1/6). Let r(f) = -17*f + 55. Determine r(b).
4
Let l be (-13 - (-450)/36)/(2/(-12)). Let f(c) be the second derivative of -32*c + 0 - 1/2*c**l + 3/2*c**2 + 1/3*c**4 - 1/20*c**5. Give f(4).
-9
Let l(p) = 2 - 11*p**3 - 521*p**2 - 519*p**2 + 2091*p**2 - 524*p**2 - 3 - 525*p**2. Suppose 0 = -3*t + 15, 15 = 5*s - 4*t + 8*t. What is l(s)?
12
Let b(p) = 2*p**3 - 49*p**2 - 25*p - 10. Suppose 304 = 21*f - 41 - 180. Give b(f).
-10
Let w(i) be the first derivative of i**6/120 - i**5/10 + i**4/8 + i**3/2 - 5*i**2/2 - 18*i - 18. Let r(k) be the second derivative of w(k). Determine r(3).
-15
Let q(a) = -a**2 - 2*a + 2. Suppose 0 = -b + 4*b + 18. Let v(t) = -t**2 - 2*t + 26. Let o be v(b). Let h be (64/(-80))/(o/(-5)). Determine q(h).
-6
Let p(z) = -z - 34*z**3 + 33 - 62*z**2 + 21*z**2 + 33*z**3 + 40*z**2. Give p(0).
33
Suppose 0 = -4*j + 1572 - 1600. Let n(r) = -8*r - 82. Determine n(j).
-26
Let k(u) = -u + 6. Let v be (-12)/1*(-216)/144. Suppose 52 + 92 = -v*p. Give k(p).
14
Let u be (8/(-6))/(590/(-885)). Let b(f) = 9*f**3 - 4*f**2 + 10*f - 3. Let a(q) = 19*q**3 - 8*q**2 + 21*q - 6. Let k(l) = 6*a(l) - 13*b(l). What is k(u)?
-13
Suppose 3*g = -3*j + 81, -9*j = -3*g - 6*j + 57. Let x(u) = 11*u**2 - u - g + u - u**3 + 25. Calculate x(11).
2
Let d be 0/(3/3 - (-2)/(-1)). Let x(c) be the first derivative of c**3/6 - 7*c**2 + 9*c + 8. Let q(v) be the first derivative of x(v). Determine q(d).
-14
Suppose -12*l - 17 = 3*r - 8*l, 0 = -3*r + 5*l - 53. Let t(n) = n**2 + 18*n + 9. Let a(h) = -h. Let b be 0 + -1 + -1 + 1. Let g(u) = b*t(u) - 6*a(u). Give g(r).
2
Let r be (-38)/(-2793)*-7 - (-271)/(-21). Let d(k) be the first derivative of -k**4/4 - 13*k**3/3 + k**2/2 + 14*k + 3. What is d(r)?
1
Let i(v) = -2*v. Suppose -8 = 14*r - 6*r. Let s be ((-60)/2)/(-6) + (-1)/r. Suppose -26*h + 24*h = -s. What is i(h)?
-6
Let w = -15325 + 15319. Let o(z) = -9*z**2 - 55*z - 2. Give o(w).
4
Suppose -p + 37 = 5*u, 2*p - 2 + 12 = 2*u. Let i(r) = -u - 145*r + 137*r + 7. What is i(-1)?
8
Let s(r) = -713 + 7*r - 22*r**2 + 712 - 4*r - r - 2*r. Suppose h - 5*n - 19 = 0, -7*h - 3*n = -2*h + 17. Let j = 0 - h. What is s(j)?
-23
Let r(s) = -s**3 - 10*s**2 - 10*s + 2. Let c(v) = v**2 + 3*v - 20. Let q be c(-8). Suppose -4*a - 3*p + 21 = -5*a, 5*p - q = 0. Determine r(a).
11
Let g(h) = -26*h**2 - 160*h - 10. Let q be g(-6). Let y(v) = v**3 - 14*v**2 - v + 27. Give y(q).
13
Let o be (-3630)/495*3/(-2). Let f(w) = 13*w - 142. Give f(o).
1
Let a = 54 - 34. Suppose -4*z = 5*s - a, -4*s + 3 = z - 2. Let t(x) = -4*x - z*x + 0 + 10*x - 10. Determine t(6).
-4
Suppose g = -i - 1, 5*g + 5 = 3*i - 6*i. Let z(s) = -s**2 + 5 + i*s - 14*s + 9*s. Let b be ((-5)/3)/(10/30). Determine z(b).
5
Let r(l) = -l**2 - 17*l + 56. Suppose 0 = -24*m + 11*m - 247. What is r(m)?
18
Let c(q) = -1 + 0 + 0*q**2 + 3*q**2 - 2*q**2 - 6*q**3. Suppose -p = -5, 0 = -u - p - 0*p + 9. Suppose 5*d = z + u, -3*z - 6*d + 6 = -3*d. Give c(z).
-6
Suppose -4*y - 2 + 22 = 0. Suppose y*s - 10*s = -75. Suppose 0*f = -a - 4*f + s, -5 = a - f. Let q(r) = 3*r**2 - 2*r - 1. What is q(a)?
4
Let q be (28/133)/((-64)/(-608)). Let w(m) be the first derivative of m + 33 - m**3 + 1/2*m**q. Give w(-2).
-13
Let n(j) be the third derivative of 3*j**4/8 + 130*j**3/3 + 2*j**2 + 1414*j. What is n(-29)?
-1
Let l(u) = u + 61. Let k be l(-55). Suppose 0 = -4*b - 4*f - 20, 0 = -2*b + 5*f - k - 11. Let r(v) = v**3 + 5*v**2 - 3*v + 4. What is r(b)?
-14
Let u(o) = 2*o + 1. Let p(d) = -d. Let h(k) = k**3 - 30*k**2 - 25*k - 185. Let j be h(31). Let m be ((-2)/3)/(2/6). Let n(c) = j*u(c) + m*p(c). Give n(-1).
-3
Let r(f) = -82*f**2 + f. Suppose 0 = -34*p + 1135 - 1101. Determine r(p).
-81
Let w(z) = -2*z**2 + 212*z - 1923. Let p be w(10). Suppose l = -l. Let s(v) = 3*v + 4 - 5 + l + v**2. Calculate s(p).
-1
Let h(y) be the third derivative of -y**5/60 - y**4/3 - y**3/6 + 102*y**2 + 3. Give h(-9).
-10
Let n(v) be the first derivative of v**4/2 + 25*v**3/3 - 3*v**2/2 + 16*v + 100. Let a(q) = -q**3 - 12*q**2 + q - 7. Let z(c) = -5*a(c) - 2*n(c). Give z(-10).
-7
Suppose -166 + 34 = -5*z - 4*p, 5*z - 2*p - 144 = 0. Let n = -31 + z. Let l(t) = -6*t + 3. Determine l(n).
21
Suppose 22 = -2*y + 3*c, -4*c + 11 = -2*y + 3*y. Let h(b) = -b + 2. Let k(t) = 2*t - 3. Let s(u) = y*h(u) - 2*k(u). Give s(9).
5
Let x(h) = 6*h**3 - 31*h**2 + 10*h + 20. Let o(c) = 4*c**3 - 21*c**2 + 7*c + 13. Let j(v) = -8*o(v) + 5*x(v). Suppose 108*y - 1261 = -613. Calculate j(y).
-4
Let z(b) = 30*b - 2. Let t(a) = 9*a**2 + 369*a - 2. Let g be t(-41). Give z(g).
-62
Suppose -20*b + 20 = -20. Let o(k) = 3*k - k + 21 + 12 - 9 + b. What is o(-13)?
0
Let h(m) = -12*m**3 + 1. Suppose 6*d - 11*d = 250. Let l = -51 - d. Let y be (12/3 + -3)*-1*l. Give h(y).
-11
Let w(p) = -p**3 + p**2 + 4*p. Let d(z) = -z**2 - 14*z + 52. Let s be d(-30). Let g = 425 + s. Calculate w(g).
24
Let k(m) = m**3 + 8*m**2 - 4*m - 14. Suppose -158*c = 5*c + 113*c + 1932. What is k(c)?
63
Suppose 3*u = -u + 2*p + 22, 3*p + 17 = 2*u. Suppose 8*a - 4 = u*a. Suppose 0 = -2*q - 3 - a. Let d(x) = -x**2 - x. Determine d(q).
-2
Let j(b) be the second derivative of b**4/12 - 4*b**3/3 - b**2/2 + 2*b. Suppose -6*d + 371 - 179 = 0. Let h = d - 24. Give j(h).
-1
Let q(v) = -769*v - 37. Let c(s) = -1842*s - 92. Let t(y) = 5*c(y) - 12*q(y). Determine t(5).
7